hest common divisor of 365 and 235.
5
Calculate the highest common divisor of 20296 and 531.
59
What is the highest common factor of 483 and 9773022?
483
Calculate the highest common factor of 204 and 60044.
68
What is the highest common factor of 873 and 55581?
291
What is the highest common divisor of 158852 and 25066?
302
What is the greatest common factor of 864 and 53838?
54
What is the greatest common factor of 4023 and 199660?
149
Calculate the highest common divisor of 75 and 455825.
25
What is the highest common factor of 37 and 66970?
37
Calculate the highest common divisor of 107055 and 39.
39
What is the highest common divisor of 20 and 76320?
20
What is the highest common factor of 3260 and 344?
4
What is the greatest common divisor of 15781 and 215?
43
Calculate the highest common divisor of 640 and 5080.
40
What is the highest common factor of 56 and 63224?
56
What is the greatest common divisor of 18084 and 2706?
66
Calculate the highest common factor of 375 and 833000.
125
Calculate the greatest common factor of 1761 and 95681.
587
Calculate the highest common divisor of 454 and 470571.
227
What is the highest common divisor of 24 and 47004?
12
What is the greatest common divisor of 220 and 870?
10
Calculate the greatest common factor of 546 and 1344.
42
Calculate the highest common divisor of 69 and 1900237.
23
What is the greatest common divisor of 91320 and 60?
60
What is the greatest common factor of 52 and 226707?
13
Calculate the greatest common divisor of 69805 and 230.
115
Calculate the highest common divisor of 23458 and 666.
74
Calculate the greatest common factor of 253 and 236486.
23
What is the greatest common factor of 169 and 1249?
1
Calculate the greatest common factor of 29536 and 400.
16
What is the highest common factor of 15625 and 3000?
125
What is the greatest common divisor of 988 and 297635?
247
Calculate the greatest common divisor of 167004 and 9.
9
Calculate the highest common factor of 22248 and 11330.
206
Calculate the highest common factor of 1210 and 24970.
110
What is the greatest common divisor of 575 and 6200?
25
Calculate the highest common factor of 30 and 648795.
15
What is the highest common divisor of 512 and 759296?
512
What is the highest common divisor of 144 and 12956?
4
Calculate the greatest common factor of 16 and 46184.
8
What is the highest common factor of 35255 and 7315?
55
Calculate the highest common factor of 555 and 11065035.
555
What is the highest common factor of 31 and 275218?
31
What is the greatest common divisor of 3768 and 568?
8
Calculate the highest common factor of 16430 and 279.
31
What is the greatest common factor of 60 and 47772?
12
Calculate the greatest common factor of 56 and 2282.
14
Calculate the highest common divisor of 20120 and 680.
40
Calculate the highest common divisor of 13178 and 1034.
22
What is the highest common divisor of 52 and 961454?
26
Calculate the greatest common divisor of 56 and 27244.
28
What is the highest common factor of 14700 and 810?
30
What is the highest common factor of 65 and 1282450?
65
Calculate the greatest common factor of 643454 and 4256.
266
What is the highest common divisor of 312 and 171054?
78
Calculate the highest common divisor of 638 and 147059.
319
Calculate the greatest common factor of 54 and 244746.
18
What is the highest common factor of 384540 and 676?
52
Calculate the greatest common divisor of 1680420 and 420.
420
What is the greatest common divisor of 13553 and 15?
1
Calculate the highest common divisor of 60390 and 15.
15
What is the greatest common factor of 2688 and 3738?
42
What is the highest common factor of 17187 and 51?
51
Calculate the greatest common factor of 3467 and 36.
1
Calculate the highest common factor of 10 and 1385.
5
Calculate the highest common factor of 24975 and 43119.
27
What is the greatest common factor of 10144 and 9827?
317
Calculate the highest common divisor of 1110 and 20942.
74
Calculate the highest common factor of 16 and 11.
1
Calculate the greatest common divisor of 2367353 and 142.
71
What is the highest common divisor of 13 and 12762139?
13
Calculate the highest common divisor of 59086 and 124.
62
Calculate the highest common divisor of 213638 and 740.
74
Calculate the highest common factor of 481545 and 1485.
135
Calculate the greatest common factor of 4935 and 42.
21
Calculate the highest common factor of 62865 and 90.
45
Calculate the highest common divisor of 26 and 374569.
13
What is the greatest common factor of 509300 and 200?
100
Calculate the greatest common divisor of 731 and 59383.
43
What is the highest common divisor of 21511 and 441?
49
Calculate the greatest common factor of 87465 and 8449.
119
Calculate the highest common factor of 4077 and 6032601.
1359
What is the highest common divisor of 48 and 7158?
6
Calculate the highest common divisor of 336540 and 22120.
1580
What is the highest common divisor of 379961 and 409?
409
Calculate the greatest common factor of 57138 and 1926.
642
What is the greatest common divisor of 1686462 and 930?
186
What is the highest common factor of 91597 and 3028?
757
What is the highest common factor of 4971 and 29?
1
Calculate the highest common factor of 1592 and 549638.
398
What is the highest common factor of 8754 and 12?
6
What is the highest common divisor of 27 and 943596?
27
What is the highest common divisor of 2635 and 4960?
155
Calculate the greatest common factor of 1521 and 3159.
117
What is the highest common divisor of 9597 and 588?
21
What is the greatest common divisor of 833262 and 6?
6
What is the greatest common factor of 270 and 408375?
135
Calculate the highest common divisor of 11344 and 170869.
709
Calculate the highest common factor of 12820 and 2580.
20
What is the greatest common divisor of 6201590 and 10?
10
Calculate the greatest common factor of 20654 and 276.
46
Calculate the highest common factor of 38944 and 32.
32
Calculate the greatest common factor of 46 and 44258.
2
Calculate the highest common factor of 17568 and 4896.
288
What is the greatest common factor of 209 and 6536?
19
What is the greatest common divisor of 108945 and 2385?
45
What is the greatest common factor of 2037 and 27645?
291
Calculate the greatest common factor of 29 and 1096577.
29
Calculate the greatest common divisor of 20004 and 32.
4
Calculate the greatest common factor of 297 and 324621.
297
What is the highest common factor of 912 and 16872?
456
Calculate the greatest common factor of 880 and 4469960.
440
Calculate the highest common factor of 5398 and 128.
2
Calculate the highest common factor of 140 and 300160.
140
What is the highest common factor of 417400 and 56?
8
Calculate the greatest common factor of 278696 and 88.
88
What is the highest common divisor of 357 and 421617?
357
What is the greatest common divisor of 80 and 524912?
16
What is the greatest common divisor of 7 and 14791?
7
Calculate the greatest common factor of 624 and 8697.
39
Calculate the greatest common factor of 2424 and 200586.
606
Calculate the highest common factor of 235 and 802055.
235
Calculate the highest common divisor of 64 and 25936.
16
What is the greatest common factor of 2525 and 1835?
5
Calculate the highest common divisor of 34362 and 1679.
23
Calculate the highest common divisor of 18 and 4241988.
18
Calculate the highest common divisor of 378 and 224.
14
What is the greatest common divisor of 638015 and 245?
35
What is the highest common factor of 288974 and 14?
14
Calculate the greatest common factor of 4693 and 74347.
247
What is the highest common factor of 8 and 64756?
4
What is the highest common divisor of 3025 and 5275?
25
Calculate the highest common factor of 117 and 816381.
9
Calculate the greatest common factor of 1200 and 72400.
400
Calculate the highest common factor of 511 and 15246.
7
Calculate the greatest common divisor of 16199 and 334.
167
Calculate the highest common divisor of 390 and 12246.
78
What is the greatest common factor of 81 and 531?
9
Calculate the greatest common divisor of 8064 and 3416.
56
What is the greatest common divisor of 140 and 146140?
20
Calculate the greatest common divisor of 125972 and 1652.
28
What is the highest common divisor of 2308899 and 57?
57
Calculate the